t z(l) = -q(l) + 5*s(l). Let v be z(-9). Suppose i = -v*i + 95. Is i composite?
False
Suppose 24*b = 11*b + 6487. Is (0/1 - -2)/2*b composite?
False
Let a = 17518 + 11724. Is a a prime number?
False
Is (5/3)/((-90)/(-963954)) a composite number?
False
Suppose 22*l - 320 = 14*l. Is (l/60)/((-2)/(-9489)) prime?
True
Suppose -5*g = -3*g - 8. Suppose -g*r + 12 = -4. Suppose 0*z - 2*z - 3341 = -5*s, -r*s + 2672 = -2*z. Is s a prime number?
False
Let x(o) = 9*o**2 + 5*o + 3. Let p(m) = 5*m + 38. Let b be p(-9). Is x(b) a composite number?
False
Suppose -10*b + 12*b + 4*t = 22974, -b + 2*t + 11479 = 0. Is b a prime number?
True
Let n(y) = -2*y + 8. Let p be n(2). Suppose m = -p*f + 12, -f + 3*m = -2*f + 14. Suppose f*o - 344 = -2*o. Is o prime?
False
Let h = 14282 - -22929. Is h prime?
False
Let f = 227 - 138. Let y = 45 - f. Let s = 207 + y. Is s prime?
True
Is 6121*5*(74/(-10) - -8) prime?
False
Let x(p) = 13*p**3 - 2*p**2 + 9*p - 43. Is x(16) composite?
False
Let a be 4/(-3 + (-28)/(-8))*239. Suppose -a = -4*l - 4*t, 0*l + 2*t - 477 = -l. Is l prime?
True
Let h(b) = 4*b**3 - 7*b**2 - 10*b + 1. Let n(r) = 11*r**3 - 21*r**2 - 31*r + 3. Let k(t) = -8*h(t) + 3*n(t). Let u be 1 - 24/(-3 - 0). Is k(u) prime?
False
Let k be (0/3 - 4)*(2 + -3). Suppose 0 = -3*i + 5*z + 9464 + 1325, 0 = -i + k*z + 3601. Is i composite?
False
Suppose 2*j - 5*j + 18 = 0. Let t(r) = 2*r**3 - 10*r**2 + 9*r - 4. Is t(j) prime?
False
Is ((-22713)/12)/(14/(-56)) composite?
True
Let i(p) = 189*p - 5. Let m = 37 + -33. Is i(m) prime?
True
Suppose x = -4*f + 11205, -2*f = 5 - 1. Is x a composite number?
False
Let r(u) = 29*u**2 - u + 50. Let v be r(-7). Suppose -18*d + 20*d = v. Is d a prime number?
True
Let t(r) = 2*r**2 - 18*r + 19. Let w be t(8). Suppose 0 = w*h + 297 - 2346. Is h composite?
False
Let i be (-2)/6*(3 + -12). Let v be -16*i/(-6) + -1. Suppose -v = -5*w + 3, -3*w + 903 = 3*p. Is p a composite number?
True
Is (2 - 0)*4/(-32)*-317924 a prime number?
True
Suppose 10*v - 14*v + 8 = 0. Suppose 0 = -v*m + 7*m - 935. Suppose 527 = 3*f - 5*j, -2*f + m = -f + 4*j. Is f composite?
False
Suppose 12*v - 6793 = 7*v + 3*o, 5*v = 2*o + 6797. Is v composite?
False
Let y = -5059 + 15360. Is y composite?
False
Suppose -3*x + 74 + 31 = 0. Let b be 6/10*x/7. Suppose 0 = -b*z - p - 2*p + 936, -4*p + 327 = z. Is z a composite number?
False
Let r(w) = 261*w**2 + 49*w - 35. Is r(16) a prime number?
False
Let v(r) be the third derivative of r**5/6 + 5*r**4/24 - r**3/6 + 3*r**2. Is v(4) a prime number?
True
Let v = 39 + -37. Is (5/(-10))/((6/v)/(-3678)) prime?
True
Let l(w) = w. Let o be l(6). Let p(y) = 13*y + 11. Is p(o) a composite number?
False
Let o(k) = 4*k**2 - 58*k + 11. Is o(29) prime?
True
Suppose -j = 5*t + 3, -5*t + 9 = -0*j - 3*j. Let n = t + 1. Let u(v) = 438*v**3 - v. Is u(n) a composite number?
True
Is 29235/(-3)*2*4/(-8) a prime number?
False
Let h(j) = 698*j - 8 + 139*j - 1 + 3. Let w be h(4). Is w/4*6/9 a prime number?
True
Let m = 35 - 31. Suppose -m*c + 243 = -c. Let n = c + -48. Is n a composite number?
True
Let j = -31 - -35. Let s(l) = l**2 + j*l - 6*l + 0*l - l - 115*l**3 - 1. Is s(-2) composite?
False
Let u(j) = j**2 - 8*j - 8. Let k be u(10). Is 1565/3 - 8/k composite?
False
Suppose 60*i - 64*i = -4*r - 27992, 0 = 2*r - 10. Is i a prime number?
False
Let y(n) = -n**3 + 5*n**2 - 2*n + 9. Let m be y(5). Let x(u) = u + 130*u**2 + 32*u**2 + 2*u**2. Is x(m) a prime number?
True
Suppose -53*n - 49*n + 340374 = 0. Is n a prime number?
False
Suppose 5*q - 3275 = -780. Is q a composite number?
False
Let o(f) = -15*f**3 + 26*f**2 - 13*f - 11. Is o(-9) prime?
True
Suppose 0 = -3*a - 2*y - 8, 4*y - 7 + 17 = -3*a. Let z(t) = 24*t**2 + 3 + 5 + 6 - 13. Is z(a) a prime number?
True
Suppose 5*t - 13550 = -5*l, -2*t + 1699 = 5*l - 11836. Is l prime?
False
Let b = 300 - -397. Is b a prime number?
False
Let o = 1 + 7. Let s = o + 1. Let q(l) = 7*l**2 - 11*l + 5. Is q(s) composite?
True
Let w be (-22)/33 - (-2)/3. Let j(p) = 384*p**2 + 2*p - 1. Let i be j(1). Suppose 0 = 3*d + 3*z - 1200, w*d - 4*z = -d + i. Is d a composite number?
False
Let s = -11852 - -44959. Is s a prime number?
True
Suppose -3*x = -4*c - 2055, 3*c = -3*x - 1366 - 170. Let v be (-7)/7*(-1 + c). Suppose -3*t + v = -t. Is t prime?
True
Let a = -13 + 11. Let h be 10/4*a + 3. Is (0 + h)/(-2)*407 a composite number?
True
Let x = -2 + -9. Let v(k) = k**3 + 12*k**2 - 11*k + 17. Is v(x) a prime number?
False
Let f be 15*(316/20 + -2). Suppose -f = -13*o + 10*o. Is o a prime number?
False
Let d(k) = 126*k**3 - k**2 - 2*k + 9. Is d(4) a prime number?
False
Let g = 8895 - 5236. Is g a composite number?
False
Let v = -2427 - -4677. Let h = v - 1487. Is h composite?
True
Suppose 3*s - 24 = -s - 4*g, 2*s - 5*g + 2 = 0. Is ((-694)/4)/(s/(-8)) a prime number?
True
Let s(k) = k. Let o(l) = 54*l - 12. Let y(p) = -o(p) - 8*s(p). Let c be y(-10). Suppose 3*g - 2*d + 0*d = 383, -3*d = 5*g - c. Is g a composite number?
False
Let o = 16 - -19. Let s = -139 - -200. Let q = s - o. Is q a prime number?
False
Suppose -5*r + 4*l - 95 = -36, 4*l = -2*r - 18. Let i(p) = p**3 + 10*p**2 - 12*p + 1. Let y be i(r). Is 596/2*y/24 a prime number?
True
Let s be (-1)/(-3) + 10/6. Suppose s*i = 5*i. Is i + -4 + 7 - -259 a composite number?
True
Suppose 0 = -4*m + 8*m. Is 5 + 533 + m/(-1) prime?
False
Let l(w) = -w + 10. Let z be l(10). Suppose u - 3*u + 106 = z. Is u composite?
False
Let l(k) = 3*k**2 + 6*k - 2. Let t be l(-7). Suppose -2*a = -747 + t. Let h = -227 + a. Is h prime?
False
Let g = 123 + -120. Is ((-6)/9 + 1)*4962 + g prime?
True
Let n(o) = -o**2 + 5*o - 4. Let b be n(4). Suppose -2*w + 5218 = -4*c, b = 3*c - 0*c + 15. Is w prime?
False
Let x(p) = p**3 - 15*p**2 + 22*p - 13. Suppose -4*d + 0*d = 128. Let h = 47 + d. Is x(h) prime?
True
Let c(l) = -1. Let m(i) = -4*i. Let r(s) = 5*c(s) - m(s). Let h = 31 - 27. Is r(h) a prime number?
True
Let c = 44 + -112. Let q = c + 147. Is q a prime number?
True
Let p = 509 - 53. Let b = 851 - p. Is b a prime number?
False
Let s(y) be the third derivative of y**4/3 + 2*y**3 + 10*y**2. Let r be s(3). Is r/(-90) - 1154/(-10) composite?
True
Let l(h) = -9*h - 8. Let z(g) = 5*g + 4. Let t(k) = -6*l(k) - 11*z(k). Let f be t(-4). Let p(r) = r**2 + 2*r - 3. Is p(f) prime?
False
Suppose 4*g - 48924 - 6401 = 3*z, -4*g + 55304 = 4*z. Is g a prime number?
True
Let p(a) = 12*a**2 + 2*a + 5. Is p(-14) composite?
True
Let d(w) = 10*w**2 + 3*w - 2. Let j(y) = -y**3 - 4*y**2 + 6*y - 7. Let c be j(-5). Let r = c + 9. Is d(r) a prime number?
True
Let i(x) = x**2 + 2*x - 4. Let v = 20 - 38. Let j be 15*(-3)/v*2. Is i(j) prime?
True
Let l(y) = y - 10. Let m be l(13). Suppose 138 = m*q - 297. Is q a composite number?
True
Let m(b) = -5*b - 11. Let p(z) = 14*z + 32. Let r(x) = -17*m(x) - 6*p(x). Let k be r(14). Suppose -5285 = 4*q - k*q. Is q a prime number?
False
Suppose 0 = 43*o - 117201 - 26548. Is o a composite number?
False
Let a(w) = -737*w + 1. Let x be a(-3). Suppose 3*j + j = x. Is j a composite number?
True
Suppose 7*z - 2*z - 10 = 0. Let y(j) = 168*j**2 - 5*j + 5. Is y(z) a composite number?
True
Suppose 3*l - 174 - 8 = -q, 5*l = 5*q - 970. Is q prime?
True
Let s be 404 - 1 - (-46)/23. Let v be 1 - -1*(-2)/(-2). Suppose -v*q = -1243 + s. Is q composite?
False
Let h = 8764 - -6409. Is h prime?
True
Let x = -46 - -34. Is 2/(x/(-369)*(-9)/(-102)) a prime number?
False
Let w(v) = 9*v**2 + 62*v - 10. Let n be w(-7). Let f(t) = -4*t - 4*t**3 + 2*t + 4 - t**3. Is f(n) prime?
False
Suppose 0 = -5*o + 1725 - 175. Suppose 3*q + o = 8*q. Is q composite?
True
Let s be -75*(-6)/36 + (-2)/(-4). Suppose -s*o + 2489 = -11057. Is o prime?
False
Suppose -22*u + 179265 = -241001. Is u prime?
False
Let u = -4631 + 7748. Is u composite?
True
Let p = -157 + 62. Let x = 15 - p. Suppose -5*j + x = 3*a, -3*a - 4 = 2*j - 3*j. Is j a prime number?
True
Suppose f + 6*k = 3*k + 728, -5*f - k = -3710. Is f prime?
True
Let m(c) = -c**3 + 22*c**2 + 0*c - 6*c**2 - 13*c**2 + 5*c. Let q be m(4). Is (4 - q - -379)/1 composite?
False
Let r = -570 + 1033. Let y = r + -128. Is y composite?
True
Is 4/(-38) - -406165*3/57 a prime number?
True
Suppose 636 = 22*g - 19*g. Let y = 471 + g. Is y a composite number?
False
Is (77605/2)/11 - (-1)/(-2) prim